{"id":2605,"date":"2022-05-31T15:26:04","date_gmt":"2022-05-31T15:26:04","guid":{"rendered":"https:\/\/dke.maastrichtuniversity.nl\/JOINclusion\/?page_id=2605"},"modified":"2022-10-20T13:25:38","modified_gmt":"2022-10-20T13:25:38","slug":"contact-us-es","status":"publish","type":"page","link":"https:\/\/dke.maastrichtuniversity.nl\/JOINclusion\/es\/contact-us-es\/","title":{"rendered":"Contact Us &#8211; ES"},"content":{"rendered":"\t\t<div data-elementor-type=\"wp-post\" data-elementor-id=\"2605\" class=\"elementor elementor-2605\">\n\t\t\t\t\t\t<section class=\"elementor-section elementor-top-section elementor-element elementor-element-ef418b4 elementor-section-content-middle elementor-section-boxed elementor-section-height-default elementor-section-height-default\" data-id=\"ef418b4\" data-element_type=\"section\" data-e-type=\"section\" data-settings=\"{&quot;background_background&quot;:&quot;classic&quot;}\">\n\t\t\t\t\t\t\t<div class=\"elementor-background-overlay\"><\/div>\n\t\t\t\t\t\t\t<div class=\"elementor-container elementor-column-gap-wide\">\n\t\t\t\t\t<div class=\"elementor-column elementor-col-100 elementor-top-column elementor-element elementor-element-2556a46\" data-id=\"2556a46\" data-element_type=\"column\" data-e-type=\"column\">\n\t\t\t<div class=\"elementor-widget-wrap elementor-element-populated\">\n\t\t\t\t\t\t<div class=\"elementor-element elementor-element-33e781a0 elementor-widget-divider--view-line elementor-widget elementor-widget-divider\" data-id=\"33e781a0\" data-element_type=\"widget\" data-e-type=\"widget\" data-widget_type=\"divider.default\">\n\t\t\t\t<div class=\"elementor-widget-container\">\n\t\t\t\t\t\t\t<div class=\"elementor-divider\">\n\t\t\t<span class=\"elementor-divider-separator\">\n\t\t\t\t\t\t<\/span>\n\t\t<\/div>\n\t\t\t\t\t\t<\/div>\n\t\t\t\t<\/div>\n\t\t\t\t<div class=\"elementor-element elementor-element-253c4531 elementor-widget elementor-widget-heading\" data-id=\"253c4531\" data-element_type=\"widget\" data-e-type=\"widget\" data-widget_type=\"heading.default\">\n\t\t\t\t<div class=\"elementor-widget-container\">\n\t\t\t\t\t<h1 class=\"elementor-heading-title elementor-size-default\">Cont\u00e1ctanos<\/h1>\t\t\t\t<\/div>\n\t\t\t\t<\/div>\n\t\t\t\t\t<\/div>\n\t\t<\/div>\n\t\t\t\t\t<\/div>\n\t\t<\/section>\n\t\t\t\t<section class=\"elementor-section elementor-top-section elementor-element elementor-element-9920f85 elementor-section-content-top elementor-section-boxed elementor-section-height-default elementor-section-height-default\" data-id=\"9920f85\" data-element_type=\"section\" data-e-type=\"section\" data-settings=\"{&quot;background_background&quot;:&quot;classic&quot;}\">\n\t\t\t\t\t\t<div class=\"elementor-container elementor-column-gap-wide\">\n\t\t\t\t\t<div class=\"elementor-column elementor-col-50 elementor-top-column elementor-element elementor-element-ee330f0\" data-id=\"ee330f0\" data-element_type=\"column\" data-e-type=\"column\">\n\t\t\t<div class=\"elementor-widget-wrap elementor-element-populated\">\n\t\t\t\t\t\t<div class=\"elementor-element elementor-element-6c85b8f elementor-widget elementor-widget-heading\" data-id=\"6c85b8f\" data-element_type=\"widget\" data-e-type=\"widget\" data-widget_type=\"heading.default\">\n\t\t\t\t<div class=\"elementor-widget-container\">\n\t\t\t\t\t<h3 class=\"elementor-heading-title elementor-size-default\">Nos encantar\u00eda saber tu opini\u00f3n<\/h3>\t\t\t\t<\/div>\n\t\t\t\t<\/div>\n\t\t\t\t<div class=\"elementor-element elementor-element-c932149 elementor-widget elementor-widget-text-editor\" data-id=\"c932149\" data-element_type=\"widget\" data-e-type=\"widget\" data-widget_type=\"text-editor.default\">\n\t\t\t\t<div class=\"elementor-widget-container\">\n\t\t\t\t\t\t\t\t\t<p>Por favor, pongase en contacto con nosotros si quiere compartir su opini\u00f3n o experiencia con nosotros.<\/p>\t\t\t\t\t\t\t\t<\/div>\n\t\t\t\t<\/div>\n\t\t\t\t<div class=\"elementor-element elementor-element-8455c74 elementor-widget elementor-widget-heading\" data-id=\"8455c74\" data-element_type=\"widget\" data-e-type=\"widget\" data-widget_type=\"heading.default\">\n\t\t\t\t<div class=\"elementor-widget-container\">\n\t\t\t\t\t<h6 class=\"elementor-heading-title elementor-size-default\">contacto<\/h6>\t\t\t\t<\/div>\n\t\t\t\t<\/div>\n\t\t\t\t<div class=\"elementor-element elementor-element-b7519d0 elementor-icon-list--layout-traditional elementor-list-item-link-full_width elementor-widget elementor-widget-icon-list\" data-id=\"b7519d0\" data-element_type=\"widget\" data-e-type=\"widget\" data-widget_type=\"icon-list.default\">\n\t\t\t\t<div class=\"elementor-widget-container\">\n\t\t\t\t\t\t\t<ul class=\"elementor-icon-list-items\">\n\t\t\t\t\t\t\t<li class=\"elementor-icon-list-item\">\n\t\t\t\t\t\t\t\t\t\t\t<span class=\"elementor-icon-list-icon\">\n\t\t\t\t\t\t\t<i aria-hidden=\"true\" class=\"fas fa-male\"><\/i>\t\t\t\t\t\t<\/span>\n\t\t\t\t\t\t\t\t\t\t<span class=\"elementor-icon-list-text\">Enrique Hortal (coordinador)<\/span>\n\t\t\t\t\t\t\t\t\t<\/li>\n\t\t\t\t\t\t\t\t<li class=\"elementor-icon-list-item\">\n\t\t\t\t\t\t\t\t\t\t\t<a href=\"#\">\n\n\t\t\t\t\t\t\t\t\t\t\t\t<span class=\"elementor-icon-list-icon\">\n\t\t\t\t\t\t\t<i aria-hidden=\"true\" class=\"fas fa-phone\"><\/i>\t\t\t\t\t\t<\/span>\n\t\t\t\t\t\t\t\t\t\t<span class=\"elementor-icon-list-text\">+31 (0)43 38 83902<\/span>\n\t\t\t\t\t\t\t\t\t\t\t<\/a>\n\t\t\t\t\t\t\t\t\t<\/li>\n\t\t\t\t\t\t\t\t<li class=\"elementor-icon-list-item\">\n\t\t\t\t\t\t\t\t\t\t\t<a href=\"#\">\n\n\t\t\t\t\t\t\t\t\t\t\t\t<span class=\"elementor-icon-list-icon\">\n\t\t\t\t\t\t\t<i aria-hidden=\"true\" class=\"fas fa-envelope\"><\/i>\t\t\t\t\t\t<\/span>\n\t\t\t\t\t\t\t\t\t\t<span class=\"elementor-icon-list-text\">enrique.hortal@maastrichtuniversity.nl<\/span>\n\t\t\t\t\t\t\t\t\t\t\t<\/a>\n\t\t\t\t\t\t\t\t\t<\/li>\n\t\t\t\t\t\t<\/ul>\n\t\t\t\t\t\t<\/div>\n\t\t\t\t<\/div>\n\t\t\t\t<div class=\"elementor-element elementor-element-49aedab elementor-icon-list--layout-traditional elementor-list-item-link-full_width elementor-widget elementor-widget-icon-list\" data-id=\"49aedab\" data-element_type=\"widget\" data-e-type=\"widget\" data-widget_type=\"icon-list.default\">\n\t\t\t\t<div class=\"elementor-widget-container\">\n\t\t\t\t\t\t\t<ul class=\"elementor-icon-list-items\">\n\t\t\t\t\t\t\t<li class=\"elementor-icon-list-item\">\n\t\t\t\t\t\t\t\t\t\t\t<span class=\"elementor-icon-list-icon\">\n\t\t\t\t\t\t\t<i aria-hidden=\"true\" class=\"fas fa-female\"><\/i>\t\t\t\t\t\t<\/span>\n\t\t\t\t\t\t\t\t\t\t<span class=\"elementor-icon-list-text\">Annaleda Mazzucato (para pilotos en Italia y resto de Europa)<\/span>\n\t\t\t\t\t\t\t\t\t<\/li>\n\t\t\t\t\t\t\t\t<li class=\"elementor-icon-list-item\">\n\t\t\t\t\t\t\t\t\t\t\t<a href=\"#\">\n\n\t\t\t\t\t\t\t\t\t\t\t\t<span class=\"elementor-icon-list-icon\">\n\t\t\t\t\t\t\t<i aria-hidden=\"true\" class=\"fas fa-envelope\"><\/i>\t\t\t\t\t\t<\/span>\n\t\t\t\t\t\t\t\t\t\t<span class=\"elementor-icon-list-text\">a.mazzucato@mondodigitale.org<\/span>\n\t\t\t\t\t\t\t\t\t\t\t<\/a>\n\t\t\t\t\t\t\t\t\t<\/li>\n\t\t\t\t\t\t<\/ul>\n\t\t\t\t\t\t<\/div>\n\t\t\t\t<\/div>\n\t\t\t\t<div class=\"elementor-element elementor-element-cfcc106 elementor-icon-list--layout-traditional elementor-list-item-link-full_width elementor-widget elementor-widget-icon-list\" data-id=\"cfcc106\" data-element_type=\"widget\" data-e-type=\"widget\" data-widget_type=\"icon-list.default\">\n\t\t\t\t<div class=\"elementor-widget-container\">\n\t\t\t\t\t\t\t<ul class=\"elementor-icon-list-items\">\n\t\t\t\t\t\t\t<li class=\"elementor-icon-list-item\">\n\t\t\t\t\t\t\t\t\t\t\t<span class=\"elementor-icon-list-icon\">\n\t\t\t\t\t\t\t<i aria-hidden=\"true\" class=\"fas fa-female\"><\/i>\t\t\t\t\t\t<\/span>\n\t\t\t\t\t\t\t\t\t\t<span class=\"elementor-icon-list-text\">Zachari Blakley (para pilotos en los Pa\u00edses Bajos)<\/span>\n\t\t\t\t\t\t\t\t\t<\/li>\n\t\t\t\t\t\t\t\t<li class=\"elementor-icon-list-item\">\n\t\t\t\t\t\t\t\t\t\t\t<a href=\"#\">\n\n\t\t\t\t\t\t\t\t\t\t\t\t<span class=\"elementor-icon-list-icon\">\n\t\t\t\t\t\t\t<i aria-hidden=\"true\" class=\"fas fa-envelope\"><\/i>\t\t\t\t\t\t<\/span>\n\t\t\t\t\t\t\t\t\t\t<span class=\"elementor-icon-list-text\">z.blakley@uwcmaastricht.nl<\/span>\n\t\t\t\t\t\t\t\t\t\t\t<\/a>\n\t\t\t\t\t\t\t\t\t<\/li>\n\t\t\t\t\t\t<\/ul>\n\t\t\t\t\t\t<\/div>\n\t\t\t\t<\/div>\n\t\t\t\t<div class=\"elementor-element elementor-element-701ef82 elementor-icon-list--layout-traditional elementor-list-item-link-full_width elementor-widget elementor-widget-icon-list\" data-id=\"701ef82\" data-element_type=\"widget\" data-e-type=\"widget\" data-widget_type=\"icon-list.default\">\n\t\t\t\t<div class=\"elementor-widget-container\">\n\t\t\t\t\t\t\t<ul class=\"elementor-icon-list-items\">\n\t\t\t\t\t\t\t<li class=\"elementor-icon-list-item\">\n\t\t\t\t\t\t\t\t\t\t\t<span class=\"elementor-icon-list-icon\">\n\t\t\t\t\t\t\t<i aria-hidden=\"true\" class=\"fas fa-male\"><\/i>\t\t\t\t\t\t<\/span>\n\t\t\t\t\t\t\t\t\t\t<span class=\"elementor-icon-list-text\">Loukas Oikonomakis (para pilotos en Grecia)<\/span>\n\t\t\t\t\t\t\t\t\t<\/li>\n\t\t\t\t\t\t\t\t<li class=\"elementor-icon-list-item\">\n\t\t\t\t\t\t\t\t\t\t\t<a href=\"#\">\n\n\t\t\t\t\t\t\t\t\t\t\t\t<span class=\"elementor-icon-list-icon\">\n\t\t\t\t\t\t\t<i aria-hidden=\"true\" class=\"fas fa-envelope\"><\/i>\t\t\t\t\t\t<\/span>\n\t\t\t\t\t\t\t\t\t\t<span class=\"elementor-icon-list-text\">loukas.oikonomakis@odyssea.com<\/span>\n\t\t\t\t\t\t\t\t\t\t\t<\/a>\n\t\t\t\t\t\t\t\t\t<\/li>\n\t\t\t\t\t\t<\/ul>\n\t\t\t\t\t\t<\/div>\n\t\t\t\t<\/div>\n\t\t\t\t\t<\/div>\n\t\t<\/div>\n\t\t\t\t<div class=\"elementor-column elementor-col-50 elementor-top-column elementor-element elementor-element-d72d16d\" data-id=\"d72d16d\" data-element_type=\"column\" data-e-type=\"column\">\n\t\t\t<div class=\"elementor-widget-wrap elementor-element-populated\">\n\t\t\t\t\t\t<div class=\"elementor-element elementor-element-ec9f039 elementor-widget elementor-widget-heading\" data-id=\"ec9f039\" data-element_type=\"widget\" data-e-type=\"widget\" data-widget_type=\"heading.default\">\n\t\t\t\t<div class=\"elementor-widget-container\">\n\t\t\t\t\t<h3 class=\"elementor-heading-title elementor-size-default\">Cont\u00e1ctanos<\/h3>\t\t\t\t<\/div>\n\t\t\t\t<\/div>\n\t\t\t\t<div class=\"elementor-element elementor-element-6b698c7 elementor-widget elementor-widget-text-editor\" data-id=\"6b698c7\" data-element_type=\"widget\" data-e-type=\"widget\" data-widget_type=\"text-editor.default\">\n\t\t\t\t<div class=\"elementor-widget-container\">\n\t\t\t\t\t\t\t\t\t<p><div class=\"wpforms-container \" id=\"wpforms-2613\"><form id=\"wpforms-form-2613\" class=\"wpforms-validate wpforms-form\" data-formid=\"2613\" method=\"post\" enctype=\"multipart\/form-data\" action=\"\/JOINclusion\/wp-json\/wp\/v2\/pages\/2605\" data-token=\"0c933737716fa10c787b61d4965013fe\" data-token-time=\"1777645531\"><noscript class=\"wpforms-error-noscript\">Please enable JavaScript in your browser to complete this form.<\/noscript><div class=\"wpforms-field-container\"><div id=\"wpforms-2613-field_0-container\" class=\"wpforms-field wpforms-field-name\" data-field-id=\"0\"><label class=\"wpforms-field-label\" for=\"wpforms-2613-field_0\">Nombre (requerido)<\/label><input type=\"text\" id=\"wpforms-2613-field_0\" class=\"wpforms-field-large\" name=\"wpforms[fields][0]\" ><\/div><div id=\"wpforms-2613-field_1-container\" class=\"wpforms-field wpforms-field-email\" data-field-id=\"1\"><label class=\"wpforms-field-label\" for=\"wpforms-2613-field_1\">Email (requerido)<\/label><input type=\"email\" id=\"wpforms-2613-field_1\" class=\"wpforms-field-large\" name=\"wpforms[fields][1]\" spellcheck=\"false\" ><\/div><div id=\"wpforms-2613-field_3-container\" class=\"wpforms-field wpforms-field-text\" data-field-id=\"3\"><label class=\"wpforms-field-label\" for=\"wpforms-2613-field_3\">Asunto<\/label><input type=\"text\" id=\"wpforms-2613-field_3\" class=\"wpforms-field-large\" name=\"wpforms[fields][3]\" ><\/div><div id=\"wpforms-2613-field_2-container\" class=\"wpforms-field wpforms-field-textarea\" data-field-id=\"2\"><label class=\"wpforms-field-label\" for=\"wpforms-2613-field_2\">Mensaje<\/label><textarea id=\"wpforms-2613-field_2\" class=\"wpforms-field-large\" name=\"wpforms[fields][2]\" ><\/textarea><\/div><\/div><!-- .wpforms-field-container --><div class=\"wpforms-field wpforms-field-hp\"><label for=\"wpforms-2613-field-hp\" class=\"wpforms-field-label\">Email<\/label><input type=\"text\" name=\"wpforms[hp]\" id=\"wpforms-2613-field-hp\" class=\"wpforms-field-medium\"><\/div><div class=\"wpforms-submit-container\" ><input type=\"hidden\" name=\"wpforms[id]\" value=\"2613\"><input type=\"hidden\" name=\"page_title\" value=\"\"><input type=\"hidden\" name=\"page_url\" value=\"https:\/\/dke.maastrichtuniversity.nl\/JOINclusion\/wp-json\/wp\/v2\/pages\/2605\"><input type=\"hidden\" name=\"url_referer\" value=\"\"><button type=\"submit\" name=\"wpforms[submit]\" id=\"wpforms-submit-2613\" class=\"wpforms-submit\" data-alt-text=\"Enviando...\" data-submit-text=\"Enviar\" aria-live=\"assertive\" value=\"wpforms-submit\">Enviar<\/button><\/div><\/form><\/div>  <!-- .wpforms-container --><\/p>\t\t\t\t\t\t\t\t<\/div>\n\t\t\t\t<\/div>\n\t\t\t\t\t<\/div>\n\t\t<\/div>\n\t\t\t\t\t<\/div>\n\t\t<\/section>\n\t\t\t\t<\/div>\n\t\t","protected":false},"excerpt":{"rendered":"<p>Cont\u00e1ctanos Nos encantar\u00eda saber tu opini\u00f3n Por favor, pongase en contacto con nosotros si quiere compartir su opini\u00f3n o experiencia con nosotros. contacto Enrique Hortal (coordinador) +31 (0)43 38 83902 enrique.hortal@maastrichtuniversity.nl Annaleda Mazzucato (para pilotos en Italia y resto de Europa) a.mazzucato@mondodigitale.org Zachari Blakley (para pilotos en los Pa\u00edses Bajos) z.blakley@uwcmaastricht.nl Loukas Oikonomakis (para pilotos [&hellip;]<\/p>\n","protected":false},"author":2,"featured_media":0,"parent":0,"menu_order":0,"comment_status":"closed","ping_status":"closed","template":"","meta":{"give_campaign_id":0,"_eb_attr":"","site-sidebar-layout":"no-sidebar","site-content-layout":"page-builder","ast-site-content-layout":"default","site-content-style":"default","site-sidebar-style":"default","ast-global-header-display":"","ast-banner-title-visibility":"","ast-main-header-display":"","ast-hfb-above-header-display":"","ast-hfb-below-header-display":"","ast-hfb-mobile-header-display":"","site-post-title":"disabled","ast-breadcrumbs-content":"","ast-featured-img":"disabled","footer-sml-layout":"","ast-disable-related-posts":"","theme-transparent-header-meta":"","adv-header-id-meta":"","stick-header-meta":"","header-above-stick-meta":"","header-main-stick-meta":"","header-below-stick-meta":"","astra-migrate-meta-layouts":"default","ast-page-background-enabled":"default","ast-page-background-meta":{"desktop":{"background-color":"","background-image":"","background-repeat":"repeat","background-position":"center center","background-size":"auto","background-attachment":"scroll","background-type":"","background-media":"","overlay-type":"","overlay-color":"","overlay-opacity":"","overlay-gradient":""},"tablet":{"background-color":"","background-image":"","background-repeat":"repeat","background-position":"center center","background-size":"auto","background-attachment":"scroll","background-type":"","background-media":"","overlay-type":"","overlay-color":"","overlay-opacity":"","overlay-gradient":""},"mobile":{"background-color":"","background-image":"","background-repeat":"repeat","background-position":"center center","background-size":"auto","background-attachment":"scroll","background-type":"","background-media":"","overlay-type":"","overlay-color":"","overlay-opacity":"","overlay-gradient":""}},"ast-content-background-meta":{"desktop":{"background-color":"var(--ast-global-color-5)","background-image":"","background-repeat":"repeat","background-position":"center center","background-size":"auto","background-attachment":"scroll","background-type":"","background-media":"","overlay-type":"","overlay-color":"","overlay-opacity":"","overlay-gradient":""},"tablet":{"background-color":"var(--ast-global-color-5)","background-image":"","background-repeat":"repeat","background-position":"center center","background-size":"auto","background-attachment":"scroll","background-type":"","background-media":"","overlay-type":"","overlay-color":"","overlay-opacity":"","overlay-gradient":""},"mobile":{"background-color":"var(--ast-global-color-5)","background-image":"","background-repeat":"repeat","background-position":"center center","background-size":"auto","background-attachment":"scroll","background-type":"","background-media":"","overlay-type":"","overlay-color":"","overlay-opacity":"","overlay-gradient":""}},"footnotes":""},"class_list":["post-2605","page","type-page","status-publish","hentry"],"yoast_head":"<!-- This site is optimized with the Yoast SEO plugin v27.5 - https:\/\/yoast.com\/product\/yoast-seo-wordpress\/ -->\n<title>Contact Us - ES - JOINclusion<\/title>\n<meta name=\"robots\" content=\"index, follow, max-snippet:-1, max-image-preview:large, max-video-preview:-1\" \/>\n<link rel=\"canonical\" href=\"https:\/\/dke.maastrichtuniversity.nl\/JOINclusion\/es\/contact-us-es\/\" \/>\n<meta property=\"og:locale\" content=\"en_US\" \/>\n<meta property=\"og:type\" content=\"article\" \/>\n<meta property=\"og:title\" content=\"Contact Us - ES - JOINclusion\" \/>\n<meta property=\"og:description\" content=\"Cont\u00e1ctanos Nos encantar\u00eda saber tu opini\u00f3n Por favor, pongase en contacto con nosotros si quiere compartir su opini\u00f3n o experiencia con nosotros. contacto Enrique Hortal (coordinador) +31 (0)43 38 83902 enrique.hortal@maastrichtuniversity.nl Annaleda Mazzucato (para pilotos en Italia y resto de Europa) a.mazzucato@mondodigitale.org Zachari Blakley (para pilotos en los Pa\u00edses Bajos) z.blakley@uwcmaastricht.nl Loukas Oikonomakis (para pilotos [&hellip;]\" \/>\n<meta property=\"og:url\" content=\"https:\/\/dke.maastrichtuniversity.nl\/JOINclusion\/es\/contact-us-es\/\" \/>\n<meta property=\"og:site_name\" content=\"JOINclusion\" \/>\n<meta property=\"article:modified_time\" content=\"2022-10-20T13:25:38+00:00\" \/>\n<meta name=\"twitter:card\" content=\"summary_large_image\" \/>\n<script type=\"application\/ld+json\" class=\"yoast-schema-graph\">{\"@context\":\"https:\\\/\\\/schema.org\",\"@graph\":[{\"@type\":\"WebPage\",\"@id\":\"https:\\\/\\\/dke.maastrichtuniversity.nl\\\/JOINclusion\\\/es\\\/contact-us-es\\\/\",\"url\":\"https:\\\/\\\/dke.maastrichtuniversity.nl\\\/JOINclusion\\\/es\\\/contact-us-es\\\/\",\"name\":\"Contact Us - ES - JOINclusion\",\"isPartOf\":{\"@id\":\"https:\\\/\\\/dke.maastrichtuniversity.nl\\\/JOINclusion\\\/#website\"},\"datePublished\":\"2022-05-31T15:26:04+00:00\",\"dateModified\":\"2022-10-20T13:25:38+00:00\",\"breadcrumb\":{\"@id\":\"https:\\\/\\\/dke.maastrichtuniversity.nl\\\/JOINclusion\\\/es\\\/contact-us-es\\\/#breadcrumb\"},\"inLanguage\":\"en-US\",\"potentialAction\":[{\"@type\":\"ReadAction\",\"target\":[\"https:\\\/\\\/dke.maastrichtuniversity.nl\\\/JOINclusion\\\/es\\\/contact-us-es\\\/\"]}]},{\"@type\":\"BreadcrumbList\",\"@id\":\"https:\\\/\\\/dke.maastrichtuniversity.nl\\\/JOINclusion\\\/es\\\/contact-us-es\\\/#breadcrumb\",\"itemListElement\":[{\"@type\":\"ListItem\",\"position\":1,\"name\":\"Home\",\"item\":\"https:\\\/\\\/dke.maastrichtuniversity.nl\\\/JOINclusion\\\/\"},{\"@type\":\"ListItem\",\"position\":2,\"name\":\"Contact Us &#8211; ES\"}]},{\"@type\":\"WebSite\",\"@id\":\"https:\\\/\\\/dke.maastrichtuniversity.nl\\\/JOINclusion\\\/#website\",\"url\":\"https:\\\/\\\/dke.maastrichtuniversity.nl\\\/JOINclusion\\\/\",\"name\":\"JOINclusion\",\"description\":\"Joint problem-solving strategy towards social inclusion of children with a migrant background\",\"publisher\":{\"@id\":\"https:\\\/\\\/dke.maastrichtuniversity.nl\\\/JOINclusion\\\/#organization\"},\"potentialAction\":[{\"@type\":\"SearchAction\",\"target\":{\"@type\":\"EntryPoint\",\"urlTemplate\":\"https:\\\/\\\/dke.maastrichtuniversity.nl\\\/JOINclusion\\\/?s={search_term_string}\"},\"query-input\":{\"@type\":\"PropertyValueSpecification\",\"valueRequired\":true,\"valueName\":\"search_term_string\"}}],\"inLanguage\":\"en-US\"},{\"@type\":\"Organization\",\"@id\":\"https:\\\/\\\/dke.maastrichtuniversity.nl\\\/JOINclusion\\\/#organization\",\"name\":\"JOINclusion\",\"url\":\"https:\\\/\\\/dke.maastrichtuniversity.nl\\\/JOINclusion\\\/\",\"logo\":{\"@type\":\"ImageObject\",\"inLanguage\":\"en-US\",\"@id\":\"https:\\\/\\\/dke.maastrichtuniversity.nl\\\/JOINclusion\\\/#\\\/schema\\\/logo\\\/image\\\/\",\"url\":\"https:\\\/\\\/dke.maastrichtuniversity.nl\\\/JOINclusion\\\/wp-content\\\/uploads\\\/2020\\\/02\\\/TestColor.png\",\"contentUrl\":\"https:\\\/\\\/dke.maastrichtuniversity.nl\\\/JOINclusion\\\/wp-content\\\/uploads\\\/2020\\\/02\\\/TestColor.png\",\"width\":835,\"height\":733,\"caption\":\"JOINclusion\"},\"image\":{\"@id\":\"https:\\\/\\\/dke.maastrichtuniversity.nl\\\/JOINclusion\\\/#\\\/schema\\\/logo\\\/image\\\/\"}}]}<\/script>\n<!-- \/ Yoast SEO plugin. -->","yoast_head_json":{"title":"Contact Us - ES - JOINclusion","robots":{"index":"index","follow":"follow","max-snippet":"max-snippet:-1","max-image-preview":"max-image-preview:large","max-video-preview":"max-video-preview:-1"},"canonical":"https:\/\/dke.maastrichtuniversity.nl\/JOINclusion\/es\/contact-us-es\/","og_locale":"en_US","og_type":"article","og_title":"Contact Us - ES - JOINclusion","og_description":"Cont\u00e1ctanos Nos encantar\u00eda saber tu opini\u00f3n Por favor, pongase en contacto con nosotros si quiere compartir su opini\u00f3n o experiencia con nosotros. contacto Enrique Hortal (coordinador) +31 (0)43 38 83902 enrique.hortal@maastrichtuniversity.nl Annaleda Mazzucato (para pilotos en Italia y resto de Europa) a.mazzucato@mondodigitale.org Zachari Blakley (para pilotos en los Pa\u00edses Bajos) z.blakley@uwcmaastricht.nl Loukas Oikonomakis (para pilotos [&hellip;]","og_url":"https:\/\/dke.maastrichtuniversity.nl\/JOINclusion\/es\/contact-us-es\/","og_site_name":"JOINclusion","article_modified_time":"2022-10-20T13:25:38+00:00","twitter_card":"summary_large_image","schema":{"@context":"https:\/\/schema.org","@graph":[{"@type":"WebPage","@id":"https:\/\/dke.maastrichtuniversity.nl\/JOINclusion\/es\/contact-us-es\/","url":"https:\/\/dke.maastrichtuniversity.nl\/JOINclusion\/es\/contact-us-es\/","name":"Contact Us - ES - JOINclusion","isPartOf":{"@id":"https:\/\/dke.maastrichtuniversity.nl\/JOINclusion\/#website"},"datePublished":"2022-05-31T15:26:04+00:00","dateModified":"2022-10-20T13:25:38+00:00","breadcrumb":{"@id":"https:\/\/dke.maastrichtuniversity.nl\/JOINclusion\/es\/contact-us-es\/#breadcrumb"},"inLanguage":"en-US","potentialAction":[{"@type":"ReadAction","target":["https:\/\/dke.maastrichtuniversity.nl\/JOINclusion\/es\/contact-us-es\/"]}]},{"@type":"BreadcrumbList","@id":"https:\/\/dke.maastrichtuniversity.nl\/JOINclusion\/es\/contact-us-es\/#breadcrumb","itemListElement":[{"@type":"ListItem","position":1,"name":"Home","item":"https:\/\/dke.maastrichtuniversity.nl\/JOINclusion\/"},{"@type":"ListItem","position":2,"name":"Contact Us &#8211; ES"}]},{"@type":"WebSite","@id":"https:\/\/dke.maastrichtuniversity.nl\/JOINclusion\/#website","url":"https:\/\/dke.maastrichtuniversity.nl\/JOINclusion\/","name":"JOINclusion","description":"Joint problem-solving strategy towards social inclusion of children with a migrant background","publisher":{"@id":"https:\/\/dke.maastrichtuniversity.nl\/JOINclusion\/#organization"},"potentialAction":[{"@type":"SearchAction","target":{"@type":"EntryPoint","urlTemplate":"https:\/\/dke.maastrichtuniversity.nl\/JOINclusion\/?s={search_term_string}"},"query-input":{"@type":"PropertyValueSpecification","valueRequired":true,"valueName":"search_term_string"}}],"inLanguage":"en-US"},{"@type":"Organization","@id":"https:\/\/dke.maastrichtuniversity.nl\/JOINclusion\/#organization","name":"JOINclusion","url":"https:\/\/dke.maastrichtuniversity.nl\/JOINclusion\/","logo":{"@type":"ImageObject","inLanguage":"en-US","@id":"https:\/\/dke.maastrichtuniversity.nl\/JOINclusion\/#\/schema\/logo\/image\/","url":"https:\/\/dke.maastrichtuniversity.nl\/JOINclusion\/wp-content\/uploads\/2020\/02\/TestColor.png","contentUrl":"https:\/\/dke.maastrichtuniversity.nl\/JOINclusion\/wp-content\/uploads\/2020\/02\/TestColor.png","width":835,"height":733,"caption":"JOINclusion"},"image":{"@id":"https:\/\/dke.maastrichtuniversity.nl\/JOINclusion\/#\/schema\/logo\/image\/"}}]}},"campaignId":"","_links":{"self":[{"href":"https:\/\/dke.maastrichtuniversity.nl\/JOINclusion\/wp-json\/wp\/v2\/pages\/2605","targetHints":{"allow":["GET"]}}],"collection":[{"href":"https:\/\/dke.maastrichtuniversity.nl\/JOINclusion\/wp-json\/wp\/v2\/pages"}],"about":[{"href":"https:\/\/dke.maastrichtuniversity.nl\/JOINclusion\/wp-json\/wp\/v2\/types\/page"}],"author":[{"embeddable":true,"href":"https:\/\/dke.maastrichtuniversity.nl\/JOINclusion\/wp-json\/wp\/v2\/users\/2"}],"replies":[{"embeddable":true,"href":"https:\/\/dke.maastrichtuniversity.nl\/JOINclusion\/wp-json\/wp\/v2\/comments?post=2605"}],"version-history":[{"count":32,"href":"https:\/\/dke.maastrichtuniversity.nl\/JOINclusion\/wp-json\/wp\/v2\/pages\/2605\/revisions"}],"predecessor-version":[{"id":2994,"href":"https:\/\/dke.maastrichtuniversity.nl\/JOINclusion\/wp-json\/wp\/v2\/pages\/2605\/revisions\/2994"}],"wp:attachment":[{"href":"https:\/\/dke.maastrichtuniversity.nl\/JOINclusion\/wp-json\/wp\/v2\/media?parent=2605"}],"curies":[{"name":"wp","href":"https:\/\/api.w.org\/{rel}","templated":true}]}}